{"id":446,"date":"2018-09-08T09:47:32","date_gmt":"2018-09-08T07:47:32","guid":{"rendered":"https:\/\/blog.musixpand.org\/?page_id=446"},"modified":"2018-09-18T14:21:24","modified_gmt":"2018-09-18T12:21:24","slug":"proposito-de-este-blog","status":"publish","type":"page","link":"https:\/\/blog.musixpand.org\/?page_id=446","title":{"rendered":"Prop\u00f3sito de este blog"},"content":{"rendered":"<p><span style=\"font-size: 16px;\">Como lo decimos en nuestra p\u00e1gina de Inicio, \u201c<strong>Este blog permite a la asociaci\u00f3n internacional de m\u00fasicos y cantantes MusiXpand difundir las noticias referentes a sus actividades as\u00ed como las fechas de eventos que organiza y de los conciertos de los m\u00fasicos que colaboran con ella.\u201d<\/strong><\/span><\/p>\n<p>Por lo tanto, tanto en la parte \u201cBlog\u00bb de este sitio como en nuestra p\u00e1gina de Inicio (en las ventanas y ventanillas) encontrar\u00e1n las \u00faltimas noticias que quiere difundir la asociaci\u00f3n puestas en l\u00ednea por ella en torno al mundo de la m\u00fasica y el espect\u00e1culo, art\u00edculos anal\u00edticos que pensamos interesantes, pero tambi\u00e9n notas sobre las actividades llevadas a cabo \u2013o propuestas\u2013 por nosotros (jornadas, talleres, workshops, masterclasses, etc\u00e9tera), los eventos que organizamos peri\u00f3dicamente o excepcionalmente (eventos \u00fanicos), as\u00ed como el anuncio de los conciertos de todos tipos dados los m\u00fasicos y cantantes que colaboran.<\/p>\n<p>Hemos puesto tambi\u00e9n en este sitio un calendario de los eventos por venir. Lo encontrar\u00e1n entrando por el men\u00fa principal en \u201cCalendario de eventos\u00bb, y tambi\u00e9n de manera condensada en la barra de navegaci\u00f3n derecha de las p\u00e1ginas del sitio.<\/p>\n<p>El otro prop\u00f3sito de este sitio es facilitar el acceso a las informaciones referentes a la asociaci\u00f3n MusiXpand de manera m\u00e1s din\u00e1mica que visitando su sitio oficial que es m\u00e1s est\u00e1tico, permitir mantenerse al tanto de los conciertos de los m\u00fasicos colaboradores o de los talleres que animan. Facilita tambi\u00e9n el contacto con el equipo de MusiXpand (recordamos que somos todos ben\u00e9volos y no siempre disponibles) y nuestros colaboradores.<\/p>\n<p>&nbsp;<\/p>\n","protected":false},"excerpt":{"rendered":"<p>Como lo decimos en nuestra p\u00e1gina de Inicio, \u201cEste blog permite a la asociaci\u00f3n internacional de m\u00fasicos y cantantes MusiXpand difundir las noticias referentes a sus actividades as\u00ed como las fechas de eventos que organiza y de los conciertos de los m\u00fasicos que colaboran con ella.\u201d Por lo tanto, tanto &hellip;<\/p>\n","protected":false},"author":1,"featured_media":0,"parent":0,"menu_order":1,"comment_status":"closed","ping_status":"closed","template":"","meta":{"footnotes":""},"class_list":["post-446","page","type-page","status-publish","hentry"],"_links":{"self":[{"href":"https:\/\/blog.musixpand.org\/index.php?rest_route=\/wp\/v2\/pages\/446","targetHints":{"allow":["GET"]}}],"collection":[{"href":"https:\/\/blog.musixpand.org\/index.php?rest_route=\/wp\/v2\/pages"}],"about":[{"href":"https:\/\/blog.musixpand.org\/index.php?rest_route=\/wp\/v2\/types\/page"}],"author":[{"embeddable":true,"href":"https:\/\/blog.musixpand.org\/index.php?rest_route=\/wp\/v2\/users\/1"}],"replies":[{"embeddable":true,"href":"https:\/\/blog.musixpand.org\/index.php?rest_route=%2Fwp%2Fv2%2Fcomments&post=446"}],"version-history":[{"count":3,"href":"https:\/\/blog.musixpand.org\/index.php?rest_route=\/wp\/v2\/pages\/446\/revisions"}],"predecessor-version":[{"id":561,"href":"https:\/\/blog.musixpand.org\/index.php?rest_route=\/wp\/v2\/pages\/446\/revisions\/561"}],"wp:attachment":[{"href":"https:\/\/blog.musixpand.org\/index.php?rest_route=%2Fwp%2Fv2%2Fmedia&parent=446"}],"curies":[{"name":"wp","href":"https:\/\/api.w.org\/{rel}","templated":true}]}}

Propósito de este blog

<p><span style="font-size: 16px;">Como lo decimos en nuestra página de Inicio, “<strong>Este blog permite a la asociación internacional de músicos y cantantes MusiXpand difundir las noticias referentes a sus actividades así como las fechas de eventos que organiza y de los conciertos de los músicos que colaboran con ella.”</strong></span></p>
<p>Por lo tanto, tanto en la parte “Blog» de este sitio como en nuestra página de Inicio (en las ventanas y ventanillas) encontrarán las últimas noticias que quiere difundir la asociación puestas en línea por ella en torno al mundo de la música y el espectáculo, artículos analíticos que pensamos interesantes, pero también notas sobre las actividades llevadas a cabo –o propuestas– por nosotros (jornadas, talleres, workshops, masterclasses, etcétera), los eventos que organizamos periódicamente o excepcionalmente (eventos únicos), así como el anuncio de los conciertos de todos tipos dados los músicos y cantantes que colaboran.</p>
<p>Hemos puesto también en este sitio un calendario de los eventos por venir. Lo encontrarán entrando por el menú principal en “Calendario de eventos», y también de manera condensada en la barra de navegación derecha de las páginas del sitio.</p>
<p>El otro propósito de este sitio es facilitar el acceso a las informaciones referentes a la asociación MusiXpand de manera más dinámica que visitando su sitio oficial que es más estático, permitir mantenerse al tanto de los conciertos de los músicos colaboradores o de los talleres que animan. Facilita también el contacto con el equipo de MusiXpand (recordamos que somos todos benévolos y no siempre disponibles) y nuestros colaboradores.</p>
<p>&nbsp;</p>

<p>Como lo decimos en nuestra página de Inicio, “Este blog permite a la asociación internacional de músicos y cantantes MusiXpand difundir las noticias referentes a sus actividades así como las fechas de eventos que organiza y de los conciertos de los músicos que colaboran con ella.” Por lo tanto, tanto &hellip;</p>
