{"id":439,"date":"2018-09-08T09:38:34","date_gmt":"2018-09-08T07:38:34","guid":{"rendered":"https:\/\/blog.musixpand.org\/?page_id=439"},"modified":"2024-04-16T11:41:21","modified_gmt":"2024-04-16T09:41:21","slug":"politica-de-privacidad","status":"publish","type":"page","link":"https:\/\/blog.musixpand.org\/?page_id=439","title":{"rendered":"Pol\u00edtica de privacidad"},"content":{"rendered":"\t\t<div data-elementor-type=\"wp-page\" data-elementor-id=\"439\" class=\"elementor elementor-439\">\n\t\t\t\t\t\t<section class=\"elementor-section elementor-top-section elementor-element elementor-element-59aae8b elementor-section-boxed elementor-section-height-default elementor-section-height-default\" data-id=\"59aae8b\" data-element_type=\"section\">\n\t\t\t\t\t\t<div class=\"elementor-container elementor-column-gap-default\">\n\t\t\t\t\t<div class=\"elementor-column elementor-col-16 elementor-top-column elementor-element elementor-element-9336d8d\" data-id=\"9336d8d\" data-element_type=\"column\">\n\t\t\t<div class=\"elementor-widget-wrap\">\n\t\t\t\t\t\t\t<\/div>\n\t\t<\/div>\n\t\t\t\t<div class=\"elementor-column elementor-col-66 elementor-top-column elementor-element elementor-element-6cf61cb\" data-id=\"6cf61cb\" data-element_type=\"column\">\n\t\t\t<div class=\"elementor-widget-wrap elementor-element-populated\">\n\t\t\t\t\t\t<div class=\"elementor-element elementor-element-40c41d3 elementor-widget elementor-widget-text-editor\" data-id=\"40c41d3\" data-element_type=\"widget\" data-widget_type=\"text-editor.default\">\n\t\t\t\t<div class=\"elementor-widget-container\">\n\t\t\t\t\t\t\t\t\t<p><span style=\"font-size: 14pt;\">La direcci\u00f3n de nuestro blog es: <a href=\"https:\/\/blog.musixpand.org\" target=\"_blank\" rel=\"noopener\">https:\/\/blog.musixpand.org<\/a>. La direcci\u00f3n de la Web de la asociaci\u00f3n sin fines de lucro MusiXpand es: <a href=\"https:\/\/www.musixpand.org\" target=\"_blank\" rel=\"noopener\">https:\/\/www.musixpand.org<\/a>.<\/span><\/p>\t\t\t\t\t\t\t\t<\/div>\n\t\t\t\t<\/div>\n\t\t\t\t\t<\/div>\n\t\t<\/div>\n\t\t\t\t<div class=\"elementor-column elementor-col-16 elementor-top-column elementor-element elementor-element-c9f06a8\" data-id=\"c9f06a8\" data-element_type=\"column\">\n\t\t\t<div class=\"elementor-widget-wrap\">\n\t\t\t\t\t\t\t<\/div>\n\t\t<\/div>\n\t\t\t\t\t<\/div>\n\t\t<\/section>\n\t\t\t\t<section class=\"elementor-section elementor-top-section elementor-element elementor-element-201123e elementor-section-boxed elementor-section-height-default elementor-section-height-default\" data-id=\"201123e\" data-element_type=\"section\">\n\t\t\t\t\t\t<div class=\"elementor-container elementor-column-gap-default\">\n\t\t\t\t\t<div class=\"elementor-column elementor-col-16 elementor-top-column elementor-element elementor-element-7b39842\" data-id=\"7b39842\" data-element_type=\"column\">\n\t\t\t<div class=\"elementor-widget-wrap\">\n\t\t\t\t\t\t\t<\/div>\n\t\t<\/div>\n\t\t\t\t<div class=\"elementor-column elementor-col-66 elementor-top-column elementor-element elementor-element-fde4d73\" data-id=\"fde4d73\" data-element_type=\"column\">\n\t\t\t<div class=\"elementor-widget-wrap elementor-element-populated\">\n\t\t\t\t\t\t<div class=\"elementor-element elementor-element-4dcad65 elementor-widget elementor-widget-text-editor\" data-id=\"4dcad65\" data-element_type=\"widget\" data-widget_type=\"text-editor.default\">\n\t\t\t\t<div class=\"elementor-widget-container\">\n\t\t\t\t\t\t\t\t\t<p><\/p>\n<p class=\"p1\"><span class=\"s1\">El presente documento de Pol\u00edtica de \nPrivacidad establece los t\u00e9rminos en que&nbsp;nuestro sitio Web El Blog de \nMusIxpand&nbsp;usa y protege la informaci\u00f3n que es proporcionada por sus \nusuarios al momento de utilizar su sitio web. Estamos comprometida con \nla seguridad de los datos de nuestros usuarios. Cuando le pedimos llenar\n los campos de informaci\u00f3n personal con la cual usted pueda ser \nidentificado, lo hacemos asegurando que s\u00f3lo se emplear\u00e1 de acuerdo con \nlos t\u00e9rminos de este documento. Sin embargo esta Pol\u00edtica de Privacidad \npuede cambiar con el tiempo o ser actualizada por lo que le recomendamos\n y enfatizamos revisar continuamente esta p\u00e1gina para asegurarse que \nest\u00e1 de acuerdo con dichos cambios.<\/span><\/p>\n<h3 class=\"p1\"><span class=\"s1\"><b>Informaci\u00f3n que es recogida<\/b><\/span><\/h3>\n<p class=\"p1\"><span class=\"s1\">Nuestro sitio web podr\u00e1 recoger \ninformaci\u00f3n personal por ejemplo: Nombre,&nbsp; informaci\u00f3n de contacto como&nbsp;\n su direcci\u00f3n de correo electr\u00f3nica e informaci\u00f3n demogr\u00e1fica. As\u00ed mismo\n cuando sea necesario podr\u00e1 ser requerida informaci\u00f3n espec\u00edfica para \nprocesar alg\u00fan pedido o realizar una entrega o facturaci\u00f3n.<\/span><\/p>\n<h3 class=\"p1\"><span class=\"s1\"><b>Uso de la informaci\u00f3n recogida<\/b><\/span><\/h3>\n<p class=\"p1\"><span class=\"s1\">Nuestro sitio web emplea la informaci\u00f3n \ncon el fin de proporcionar el mejor servicio posible, particularmente \npara mantener un registro de usuarios, de pedidos en caso que aplique, y\n mejorar nuestras prestaciones. &nbsp;Es posible que sean enviados correos \nelectr\u00f3nicos peri\u00f3dicamente a trav\u00e9s de nuestro sitio con avisos \nespeciales, nuevos productos y otra informaci\u00f3n publicitaria que \nconsideremos relevante para usted o que pueda brindarle alg\u00fan beneficio,\n estos correos electr\u00f3nicos ser\u00e1n enviados a la direcci\u00f3n que usted \nproporcione y podr\u00e1n ser cancelados en cualquier momento.<\/span><\/p>\n<p class=\"p1\"><span class=\"s1\">En nuestro sitio Web El Blog de MusIxpand\n estamos altamente comprometidos con el compromiso de mantener su \ninformaci\u00f3n segura. Usamos los sistemas m\u00e1s avanzados y los actualizamos\n constantemente para asegurarnos que no exista ning\u00fan acceso no \nautorizado.<\/span><\/p>\n<h3 class=\"p1\"><span class=\"s1\"><b>Cookies<\/b><\/span><\/h3>\n<p class=\"p1\"><span class=\"s1\">Un \u201ccookie\u201d se refiere a un fichero que \nes enviado con la finalidad de solicitar permiso para almacenarse en su \nordenador, al aceptar dicho fichero se crea y la cookie sirve entonces \npara tener informaci\u00f3n respecto al tr\u00e1fico web, y tambi\u00e9n facilita las \nfuturas visitas a una web recurrente. Otra funci\u00f3n que tienen las \ncookies es que con ellos los sitios Web pueden reconocerte \nindividualmente y por tanto brindarte el mejor servicio personalizado de\n su web.<\/span><\/p>\n<p class=\"p1\"><span class=\"s1\">Nuestro sitio web emplea las cookies para\n poder identificar las p\u00e1ginas que son visitadas y su frecuencia. Esta \ninformaci\u00f3n es empleada \u00fanicamente para an\u00e1lisis estad\u00edstico y despu\u00e9s \nla informaci\u00f3n se elimina de forma permanente. Usted puede eliminar las \ncookies en cualquier momento desde su ordenador. Sin embargo las cookies\n ayudan a proporcionar un mejor servicio de los sitios web, estos no dan\n acceso a informaci\u00f3n de su ordenador ni de usted, a menos de que usted \nas\u00ed lo quiera y la proporcione directamente. Usted puede aceptar o negar\n el uso de cookies, sin embargo la mayor\u00eda de navegadores aceptan \ncookies autom\u00e1ticamente pues sirve para tener un mejor servicio web. \nTambi\u00e9n usted puede cambiar la configuraci\u00f3n de su ordenador para \ndeclinar las cookies. Si se declinan es posible que no pueda utilizar \nalgunos de nuestros servicios.<\/span><\/p>\n<h3 class=\"p1\"><span class=\"s1\"><b>Enlaces a Terceros<\/b><\/span><\/h3>\n<p class=\"p1\"><span class=\"s1\">Este sitio web pudiera contener enlaces a\n otros sitios que pudieran ser de su inter\u00e9s. Una vez que usted de clic \nen estos enlaces y abandone nuestra p\u00e1gina, ya no tenemos control sobre \nal sitio al que es redirigido y por lo tanto no somos responsables de \nlos t\u00e9rminos o privacidad ni de la protecci\u00f3n de sus datos en esos otros\n sitios terceros. Dichos sitios est\u00e1n sujetos a sus propias pol\u00edticas de\n privacidad por lo cual es recomendable que los consulte para confirmar \nque usted est\u00e1 de acuerdo con estas.<\/span><\/p>\n<h3 class=\"p1\"><span class=\"s1\"><b>Control de su informaci\u00f3n personal<\/b><\/span><\/h3>\n<p class=\"p1\"><span class=\"s1\">En cualquier momento usted puede \nrestringir la recopilaci\u00f3n o el uso de la informaci\u00f3n personal que es \nproporcionada a nuestro sitio web.&nbsp;Cada vez que se le solicite rellenar \nun formulario, como el de alta de usuario, puede marcar o desmarcar la \nopci\u00f3n de recibir informaci\u00f3n por correo electr\u00f3nico. &nbsp;En caso de que \nhaya marcado la opci\u00f3n de recibir nuestro bolet\u00edn o publicidad usted \npuede cancelarla en cualquier momento.<\/span><\/p>\n<p class=\"p1\"><span class=\"s1\">Esta compa\u00f1\u00eda no vender\u00e1, ceder\u00e1 ni \ndistribuir\u00e1 la informaci\u00f3n personal que es recopilada sin su \nconsentimiento, salvo que sea requerido por un juez con un orden \njudicial.<\/span><\/p>\n<p class=\"p1\"><span class=\"s1\">Al administrador de nuestro sitio Web El \nBlog de MusIxpand se reserva el derecho de cambiar los t\u00e9rminos de la \npresente Pol\u00edtica de Privacidad en cualquier momento.<\/span><\/p>\n<p><\/p>\t\t\t\t\t\t\t\t<\/div>\n\t\t\t\t<\/div>\n\t\t\t\t\t<\/div>\n\t\t<\/div>\n\t\t\t\t<div class=\"elementor-column elementor-col-16 elementor-top-column elementor-element elementor-element-6f85b84\" data-id=\"6f85b84\" data-element_type=\"column\">\n\t\t\t<div class=\"elementor-widget-wrap\">\n\t\t\t\t\t\t\t<\/div>\n\t\t<\/div>\n\t\t\t\t\t<\/div>\n\t\t<\/section>\n\t\t\t\t<\/div>\n\t\t","protected":false},"excerpt":{"rendered":"<p>La direcci\u00f3n de nuestro blog es: https:\/\/blog.musixpand.org. La direcci\u00f3n de la Web de la asociaci\u00f3n sin fines de lucro MusiXpand es: https:\/\/www.musixpand.org. El presente documento de Pol\u00edtica de Privacidad establece los t\u00e9rminos en que&nbsp;nuestro sitio Web El Blog de MusIxpand&nbsp;usa y protege la informaci\u00f3n que es proporcionada por sus usuarios &hellip;<\/p>\n","protected":false},"author":1,"featured_media":556,"parent":0,"menu_order":0,"comment_status":"closed","ping_status":"closed","template":"","meta":{"footnotes":""},"class_list":["post-439","page","type-page","status-publish","has-post-thumbnail","hentry"],"_links":{"self":[{"href":"https:\/\/blog.musixpand.org\/index.php?rest_route=\/wp\/v2\/pages\/439","targetHints":{"allow":["GET"]}}],"collection":[{"href":"https:\/\/blog.musixpand.org\/index.php?rest_route=\/wp\/v2\/pages"}],"about":[{"href":"https:\/\/blog.musixpand.org\/index.php?rest_route=\/wp\/v2\/types\/page"}],"author":[{"embeddable":true,"href":"https:\/\/blog.musixpand.org\/index.php?rest_route=\/wp\/v2\/users\/1"}],"replies":[{"embeddable":true,"href":"https:\/\/blog.musixpand.org\/index.php?rest_route=%2Fwp%2Fv2%2Fcomments&post=439"}],"version-history":[{"count":6,"href":"https:\/\/blog.musixpand.org\/index.php?rest_route=\/wp\/v2\/pages\/439\/revisions"}],"predecessor-version":[{"id":1097,"href":"https:\/\/blog.musixpand.org\/index.php?rest_route=\/wp\/v2\/pages\/439\/revisions\/1097"}],"wp:featuredmedia":[{"embeddable":true,"href":"https:\/\/blog.musixpand.org\/index.php?rest_route=\/wp\/v2\/media\/556"}],"wp:attachment":[{"href":"https:\/\/blog.musixpand.org\/index.php?rest_route=%2Fwp%2Fv2%2Fmedia&parent=439"}],"curies":[{"name":"wp","href":"https:\/\/api.w.org\/{rel}","templated":true}]}}